{"id":2108,"date":"2022-03-02T12:33:39","date_gmt":"2022-03-02T12:33:39","guid":{"rendered":"https:\/\/eacademix.wpcolorlab.com\/?page_id=2108"},"modified":"2023-09-13T14:53:40","modified_gmt":"2023-09-13T14:53:40","slug":"our-team","status":"publish","type":"page","link":"https:\/\/grav.ujaen.es\/index.php\/our-team\/","title":{"rendered":"Our Team"},"content":{"rendered":"\t\t<div data-elementor-type=\"wp-page\" data-elementor-id=\"2108\" class=\"elementor elementor-2108\">\n\t\t\t\t\t\t\t\t\t<section class=\"elementor-section elementor-top-section elementor-element elementor-element-4dc3be6 elementor-section-boxed elementor-section-height-default elementor-section-height-default\" data-id=\"4dc3be6\" data-element_type=\"section\">\n\t\t\t\t\t\t<div class=\"elementor-container elementor-column-gap-default\">\n\t\t\t\t\t<div class=\"elementor-column elementor-col-100 elementor-top-column elementor-element elementor-element-ba27da7\" data-id=\"ba27da7\" data-element_type=\"column\">\n\t\t\t<div class=\"elementor-widget-wrap elementor-element-populated\">\n\t\t\t\t\t\t\t\t<div class=\"elementor-element elementor-element-442130f elementor-widget elementor-widget-team_members\" data-id=\"442130f\" data-element_type=\"widget\" data-widget_type=\"team_members.default\">\n\t\t\t\t<div class=\"elementor-widget-container\">\n\t\t\t<div class=\"ace-section-team\"><div class=\"row\"><div class=\"col-sm-6 col-md-3\">\n                        <div class=\"profile-card profile-card-meta_classic\">\n                            <figure>\n                                <img width=\"360\" height=\"270\" src=\"https:\/\/grav.ujaen.es\/wp-content\/uploads\/2023\/06\/asgarcia.jpg\" class=\"img-responsive\" alt=\"\" decoding=\"async\" loading=\"lazy\" srcset=\"https:\/\/grav.ujaen.es\/wp-content\/uploads\/2023\/06\/asgarcia.jpg 360w, https:\/\/grav.ujaen.es\/wp-content\/uploads\/2023\/06\/asgarcia-300x225.jpg 300w\" sizes=\"(max-width: 360px) 100vw, 360px\" \/>\n                                <figcaption><a href=\"https:\/\/grav.ujaen.es\/index.php\/rushmore_teams\/alejandro-sanchez-garcia\/\" target=\"_blank\"><h3 class=\"fig-title\">Alejandro S\u00e1nchez Garc\u00eda<\/h3><\/a><div class=\"fig-title-des\">Titular de Universidad<\/div><div class=\"fig-meta\"><p class=\"fig-cal\"><strong>Call:<\/strong> <span>953213380<\/span><\/p><p class=\"fig-mail\"><strong>Email:<\/strong> <span>asgarcia@ujaen.es<\/span><\/p><\/div>\n                                <\/figcaption>\n                            <\/figure><\/div>\n                    <\/div><div class=\"col-sm-6 col-md-3\">\n                        <div class=\"profile-card profile-card-meta_classic\">\n                            <figure>\n                                <img width=\"360\" height=\"270\" src=\"https:\/\/grav.ujaen.es\/wp-content\/uploads\/2018\/09\/dmgila_expoliva.png\" class=\"img-responsive\" alt=\"\" decoding=\"async\" loading=\"lazy\" srcset=\"https:\/\/grav.ujaen.es\/wp-content\/uploads\/2018\/09\/dmgila_expoliva.png 360w, https:\/\/grav.ujaen.es\/wp-content\/uploads\/2018\/09\/dmgila_expoliva-300x225.png 300w\" sizes=\"(max-width: 360px) 100vw, 360px\" \/>\n                                <figcaption><a href=\"https:\/\/grav.ujaen.es\/index.php\/rushmore_teams\/diego-martinez\/\" target=\"_blank\"><h3 class=\"fig-title\">Diego M. Mart\u00ednez Gila<\/h3><\/a><div class=\"fig-title-des\">Profesor Contratado Doctor<\/div><div class=\"fig-meta\"><p class=\"fig-cal\"><strong>Call:<\/strong> <span>953212431<\/span><\/p><p class=\"fig-mail\"><strong>Email:<\/strong> <span>dmgila@ujaen.es<\/span><\/p><\/div>\n                                <\/figcaption>\n                            <\/figure><\/div>\n                    <\/div><div class=\"team-clearfix\"><\/div><div class=\"col-sm-6 col-md-3\">\n                        <div class=\"profile-card profile-card-meta_classic\">\n                            <figure>\n                                <img width=\"360\" height=\"270\" src=\"https:\/\/grav.ujaen.es\/wp-content\/uploads\/2023\/06\/eestevez.jpg\" class=\"img-responsive\" alt=\"\" decoding=\"async\" loading=\"lazy\" srcset=\"https:\/\/grav.ujaen.es\/wp-content\/uploads\/2023\/06\/eestevez.jpg 360w, https:\/\/grav.ujaen.es\/wp-content\/uploads\/2023\/06\/eestevez-300x225.jpg 300w\" sizes=\"(max-width: 360px) 100vw, 360px\" \/>\n                                <figcaption><a href=\"https:\/\/grav.ujaen.es\/index.php\/rushmore_teams\/elisabet-estevez-estevez\/\" target=\"_blank\"><h3 class=\"fig-title\">Elisabet Est\u00e9vez Est\u00e9vez<\/h3><\/a><div class=\"fig-title-des\">Titular de Universidad<\/div><div class=\"fig-meta\"><p class=\"fig-cal\"><strong>Call:<\/strong> <span>953212167<\/span><\/p><p class=\"fig-mail\"><strong>Email:<\/strong> <span>eestevez@ujaen.es<\/span><\/p><\/div>\n                                <\/figcaption>\n                            <\/figure><\/div>\n                    <\/div><div class=\"col-sm-6 col-md-3\">\n                        <div class=\"profile-card profile-card-meta_classic\">\n                            <figure>\n                                <img width=\"360\" height=\"270\" src=\"https:\/\/grav.ujaen.es\/wp-content\/uploads\/2023\/06\/alonso.jpg\" class=\"img-responsive\" alt=\"\" decoding=\"async\" loading=\"lazy\" srcset=\"https:\/\/grav.ujaen.es\/wp-content\/uploads\/2023\/06\/alonso.jpg 360w, https:\/\/grav.ujaen.es\/wp-content\/uploads\/2023\/06\/alonso-300x225.jpg 300w\" sizes=\"(max-width: 360px) 100vw, 360px\" \/>\n                                <figcaption><a href=\"https:\/\/grav.ujaen.es\/index.php\/rushmore_teams\/ildefonso-ruano-ruano\/\" target=\"_blank\"><h3 class=\"fig-title\">Ildefonso Ruano Ruano<\/h3><\/a><div class=\"fig-title-des\">Profesor Contratado Doctor<\/div><div class=\"fig-meta\"><p class=\"fig-cal\"><strong>Call:<\/strong> <span>953648627<\/span><\/p><p class=\"fig-mail\"><strong>Email:<\/strong> <span>alonso@ujaen.es<\/span><\/p><\/div>\n                                <\/figcaption>\n                            <\/figure><\/div>\n                    <\/div><div class=\"team-clearfix\"><\/div><div class=\"col-sm-6 col-md-3\">\n                        <div class=\"profile-card profile-card-meta_classic\">\n                            <figure>\n                                <img width=\"360\" height=\"270\" src=\"https:\/\/grav.ujaen.es\/wp-content\/uploads\/2023\/06\/jggarcia.jpg\" class=\"img-responsive\" alt=\"\" decoding=\"async\" loading=\"lazy\" srcset=\"https:\/\/grav.ujaen.es\/wp-content\/uploads\/2023\/06\/jggarcia.jpg 360w, https:\/\/grav.ujaen.es\/wp-content\/uploads\/2023\/06\/jggarcia-300x225.jpg 300w\" sizes=\"(max-width: 360px) 100vw, 360px\" \/>\n                                <figcaption><a href=\"https:\/\/grav.ujaen.es\/index.php\/rushmore_teams\/javier-gamez-garcia\/\" target=\"_blank\"><h3 class=\"fig-title\">Javier G\u00e1mez Garc\u00eda<\/h3><\/a><div class=\"fig-title-des\">Catedr\u00e1tico de Universidad<\/div><div class=\"fig-meta\"><p class=\"fig-cal\"><strong>Call:<\/strong> <span>953213382<\/span><\/p><p class=\"fig-mail\"><strong>Email:<\/strong> <span>jggarcia@ujaen.es<\/span><\/p><\/div>\n                                <\/figcaption>\n                            <\/figure><\/div>\n                    <\/div><div class=\"col-sm-6 col-md-3\">\n                        <div class=\"profile-card profile-card-meta_classic\">\n                            <figure>\n                                <img width=\"360\" height=\"270\" src=\"https:\/\/grav.ujaen.es\/wp-content\/uploads\/2023\/06\/casacar.jpg\" class=\"img-responsive\" alt=\"\" decoding=\"async\" loading=\"lazy\" srcset=\"https:\/\/grav.ujaen.es\/wp-content\/uploads\/2023\/06\/casacar.jpg 360w, https:\/\/grav.ujaen.es\/wp-content\/uploads\/2023\/06\/casacar-300x225.jpg 300w\" sizes=\"(max-width: 360px) 100vw, 360px\" \/>\n                                <figcaption><a href=\"https:\/\/grav.ujaen.es\/index.php\/rushmore_teams\/jesus-de-la-casa-cardenas\/\" target=\"_blank\"><h3 class=\"fig-title\">Jes\u00fas de la Casa C\u00e1rdenas<\/h3><\/a><div class=\"fig-title-des\">Profesor Colaborador<\/div><div class=\"fig-meta\"><p class=\"fig-cal\"><strong>Call:<\/strong> <span>953648672<\/span><\/p><p class=\"fig-mail\"><strong>Email:<\/strong> <span>casacar@ujaen.es<\/span><\/p><\/div>\n                                <\/figcaption>\n                            <\/figure><\/div>\n                    <\/div><div class=\"team-clearfix\"><\/div><div class=\"col-sm-6 col-md-3\">\n                        <div class=\"profile-card profile-card-meta_classic\">\n                            <figure>\n                                <img width=\"360\" height=\"270\" src=\"https:\/\/grav.ujaen.es\/wp-content\/uploads\/2023\/06\/juango_rector.jpg\" class=\"img-responsive\" alt=\"\" decoding=\"async\" loading=\"lazy\" srcset=\"https:\/\/grav.ujaen.es\/wp-content\/uploads\/2023\/06\/juango_rector.jpg 360w, https:\/\/grav.ujaen.es\/wp-content\/uploads\/2023\/06\/juango_rector-300x225.jpg 300w\" sizes=\"(max-width: 360px) 100vw, 360px\" \/>\n                                <figcaption><a href=\"https:\/\/grav.ujaen.es\/index.php\/rushmore_teams\/juan-gomez-ortega\/\" target=\"_blank\"><h3 class=\"fig-title\">Juan G\u00f3mez Ortega<\/h3><\/a><div class=\"fig-title-des\">Catedr\u00e1tico de Universidad<\/div><div class=\"fig-meta\"><p class=\"fig-cal\"><strong>Call:<\/strong> <span>953212443<\/span><\/p><p class=\"fig-mail\"><strong>Email:<\/strong> <span>juango@ujaen.es<\/span><\/p><\/div>\n                                <\/figcaption>\n                            <\/figure><\/div>\n                    <\/div><div class=\"col-sm-6 col-md-3\">\n                        <div class=\"profile-card profile-card-meta_classic\">\n                            <figure>\n                                <img width=\"360\" height=\"270\" src=\"https:\/\/grav.ujaen.es\/wp-content\/uploads\/2023\/06\/pcano.jpg\" class=\"img-responsive\" alt=\"\" decoding=\"async\" loading=\"lazy\" srcset=\"https:\/\/grav.ujaen.es\/wp-content\/uploads\/2023\/06\/pcano.jpg 360w, https:\/\/grav.ujaen.es\/wp-content\/uploads\/2023\/06\/pcano-300x225.jpg 300w\" sizes=\"(max-width: 360px) 100vw, 360px\" \/>\n                                <figcaption><a href=\"https:\/\/grav.ujaen.es\/index.php\/rushmore_teams\/pablo-cano-marchal\/\" target=\"_blank\"><h3 class=\"fig-title\">Pablo Cano Marchal<\/h3><\/a><div class=\"fig-title-des\">Titular de Universidad<\/div><div class=\"fig-meta\"><p class=\"fig-cal\"><strong>Call:<\/strong> <span>953212631<\/span><\/p><p class=\"fig-mail\"><strong>Email:<\/strong> <span>pcano@ujaen.es<\/span><\/p><\/div>\n                                <\/figcaption>\n                            <\/figure><\/div>\n                    <\/div><div class=\"team-clearfix\"><\/div><div class=\"col-sm-6 col-md-3\">\n                        <div class=\"profile-card profile-card-meta_classic\">\n                            <figure>\n                                <img width=\"360\" height=\"270\" src=\"https:\/\/grav.ujaen.es\/wp-content\/uploads\/2023\/06\/sillana.jpg\" class=\"img-responsive\" alt=\"\" decoding=\"async\" loading=\"lazy\" srcset=\"https:\/\/grav.ujaen.es\/wp-content\/uploads\/2023\/06\/sillana.jpg 360w, https:\/\/grav.ujaen.es\/wp-content\/uploads\/2023\/06\/sillana-300x225.jpg 300w\" sizes=\"(max-width: 360px) 100vw, 360px\" \/>\n                                <figcaption><a href=\"https:\/\/grav.ujaen.es\/index.php\/rushmore_teams\/sergio-illana-rico\/\" target=\"_blank\"><h3 class=\"fig-title\">Sergio Illana Rico<\/h3><\/a><div class=\"fig-title-des\">Profesor Sustituto Interino<\/div><div class=\"fig-meta\"><p class=\"fig-cal\"><strong>Call:<\/strong> <span>953212448<\/span><\/p><p class=\"fig-mail\"><strong>Email:<\/strong> <span>sillana@ujaen.es<\/span><\/p><\/div>\n                                <\/figcaption>\n                            <\/figure><\/div>\n                    <\/div><div class=\"col-sm-6 col-md-3\">\n                        <div class=\"profile-card profile-card-meta_classic\">\n                            <figure>\n                                <img width=\"360\" height=\"270\" src=\"https:\/\/grav.ujaen.es\/wp-content\/uploads\/2023\/06\/satorres.jpg\" class=\"img-responsive\" alt=\"\" decoding=\"async\" loading=\"lazy\" srcset=\"https:\/\/grav.ujaen.es\/wp-content\/uploads\/2023\/06\/satorres.jpg 360w, https:\/\/grav.ujaen.es\/wp-content\/uploads\/2023\/06\/satorres-300x225.jpg 300w\" sizes=\"(max-width: 360px) 100vw, 360px\" \/>\n                                <figcaption><a href=\"https:\/\/grav.ujaen.es\/index.php\/rushmore_teams\/silvia-satorres-martinez\/\" target=\"_blank\"><h3 class=\"fig-title\">Silvia Satorres Mart\u00ednez<\/h3><\/a><div class=\"fig-title-des\">Titular de Universidad<\/div><div class=\"fig-meta\"><p class=\"fig-cal\"><strong>Call:<\/strong> <span>953213381<\/span><\/p><p class=\"fig-mail\"><strong>Email:<\/strong> <span>satorres@ujaen.es<\/span><\/p><\/div>\n                                <\/figcaption>\n                            <\/figure><\/div>\n                    <\/div><div class=\"team-clearfix\"><\/div><\/div><\/div>\t\t<\/div>\n\t\t\t\t<\/div>\n\t\t\t\t\t<\/div>\n\t\t<\/div>\n\t\t\t\t\t\t\t<\/div>\n\t\t<\/section>\n\t\t\t\t\t\t\t<\/div>\n\t\t","protected":false},"excerpt":{"rendered":"<p>Alejandro S\u00e1nchez Garc\u00eda Titular de Universidad Call: 953213380 Email: asgarcia@ujaen.es Diego M. Mart\u00ednez Gila Profesor Contratado Doctor Call: 953212431 Email: dmgila@ujaen.es Elisabet Est\u00e9vez Est\u00e9vez Titular de Universidad Call: 953212167 Email: eestevez@ujaen.es Ildefonso Ruano Ruano Profesor Contratado Doctor Call: 953648627 Email: alonso@ujaen.es Javier G\u00e1mez Garc\u00eda Catedr\u00e1tico de Universidad Call: 953213382 Email: jggarcia@ujaen.es Jes\u00fas de la Casa [&hellip;]<\/p>\n","protected":false},"author":1,"featured_media":2368,"parent":0,"menu_order":0,"comment_status":"closed","ping_status":"closed","template":"","meta":[],"_links":{"self":[{"href":"https:\/\/grav.ujaen.es\/index.php\/wp-json\/wp\/v2\/pages\/2108"}],"collection":[{"href":"https:\/\/grav.ujaen.es\/index.php\/wp-json\/wp\/v2\/pages"}],"about":[{"href":"https:\/\/grav.ujaen.es\/index.php\/wp-json\/wp\/v2\/types\/page"}],"author":[{"embeddable":true,"href":"https:\/\/grav.ujaen.es\/index.php\/wp-json\/wp\/v2\/users\/1"}],"replies":[{"embeddable":true,"href":"https:\/\/grav.ujaen.es\/index.php\/wp-json\/wp\/v2\/comments?post=2108"}],"version-history":[{"count":44,"href":"https:\/\/grav.ujaen.es\/index.php\/wp-json\/wp\/v2\/pages\/2108\/revisions"}],"predecessor-version":[{"id":3316,"href":"https:\/\/grav.ujaen.es\/index.php\/wp-json\/wp\/v2\/pages\/2108\/revisions\/3316"}],"wp:featuredmedia":[{"embeddable":true,"href":"https:\/\/grav.ujaen.es\/index.php\/wp-json\/wp\/v2\/media\/2368"}],"wp:attachment":[{"href":"https:\/\/grav.ujaen.es\/index.php\/wp-json\/wp\/v2\/media?parent=2108"}],"curies":[{"name":"wp","href":"https:\/\/api.w.org\/{rel}","templated":true}]}}